et w(c) = c**2 - 3*c - 7. Let p be w(6). Let b be i(p). Calculate the highest common factor of 3 and b.
3
Suppose -30 = -5*r + 195. What is the highest common factor of r and 30?
15
Let x = 15 + -9. Let g be 9/5 - (-3)/15. Calculate the greatest common divisor of x and g.
2
Let f be 44/8*-2*-3. Calculate the greatest common divisor of f and 165.
33
Suppose 13*k + 240 = 18*k. Calculate the greatest common factor of 6 and k.
6
Suppose 3 = 2*i - 1. Suppose -t + 28 = 4*m + 6, i*t = -2*m + 32. Calculate the highest common factor of t and 21.
7
Let s = -119 + 126. Calculate the highest common factor of 161 and s.
7
Let l = -78 + 55. Let w be (-11)/(-2)*(0 - -6). Let m = l + w. Calculate the highest common factor of 40 and m.
10
Let s(a) = -a**2 - 5*a - 1. Let t be s(-4). Suppose -6*w + t = -3*w. Suppose -p + 5 = -w. What is the greatest common divisor of 4 and p?
2
Let v be -1*(2/2 + 0). Let w be -2*13*v/2. Calculate the highest common divisor of 91 and w.
13
Let j = 15 - 9. Let y be -1 + 2 + (-6)/j. Suppose y*u + 3*u = 3. Calculate the highest common factor of 4 and u.
1
Suppose -3*x = -0*x - 33. Suppose -u + 3 = -x. What is the highest common divisor of u and 98?
14
Let m(v) = 3*v**3 - v - 2. Let c be m(2). Suppose -u - 7 = -c. Calculate the highest common factor of u and 52.
13
Let l(d) = d + 6. Let g be l(6). Calculate the greatest common divisor of 132 and g.
12
Suppose 0*o - 15*o + 960 = 0. Calculate the highest common factor of o and 24.
8
Let g = 66 - 32. Let y = -1 - -3. Let c be (0 + 1)/(y/34). Calculate the highest common factor of c and g.
17
Let s(r) = -r + 4. Let u be s(7). Let o be 23 + (1*-2 - u). What is the highest common factor of 12 and o?
12
Let j = -115 - -191. Suppose y - 28 = 2*y - m, -3*y + 5*m = j. Let n = 46 + y. What is the highest common divisor of n and 98?
14
Suppose 39 = 2*s - 3*b, b = 3*s - 0*s - 41. Calculate the greatest common divisor of s and 12.
12
Let w(q) = -q**3 + 10*q**2 - 11*q + 2. Let j be w(8). Let c(h) = -3*h - 27. Let d be c(-11). What is the greatest common factor of j and d?
6
Let y be (-6)/21 - 4/(-14). Suppose 0 = 4*o + m + 2, -2*o - 4 = -y*o + 2*m. Let x be (-2 - o)*30/(-5). What is the highest common divisor of x and 120?
12
Let v(t) be the first derivative of t**4/4 - 7*t**3/3 + 4*t**2 - 8*t - 1. Let g be v(6). Calculate the greatest common factor of g and 6.
2
Let d be -9*(3 - 30/9). Suppose 5*q = -2*l + 4*q + 180, 0 = -3*l + d*q + 270. Calculate the greatest common factor of l and 10.
10
Suppose 0 = -5*r + 5*f, -5*r + 0*f + 4 = -3*f. Let d be (-4)/(0 - r/44). Let y be (0 - (4 - 3))/((-8)/88). Calculate the greatest common divisor of d and y.
11
Suppose -g + 3*b - 14 = -0*g, 0 = -g + b - 4. Let q be (-2)/g + 519 + 3. Suppose 5*c = -0*c + q. Calculate the highest common factor of 13 and c.
13
Suppose 5*c - c - 5*p = 26, 4*c - 4*p = 24. Let g(f) = -44*f**3 - f**2 + 1. Let x be g(-1). What is the highest common divisor of x and c?
4
Let c(o) = 2*o**2 + 4*o. Suppose 3*n = 3 + 6. Let j be c(n). Let k = -74 + 149. What is the highest common factor of j and k?
15
Suppose 96 = 3*g + 2*m, -3*g + 64 = -g + m. Let f = g - 2. Suppose -o = -4*o + f. What is the greatest common divisor of 70 and o?
10
Let q be (52/5)/(1/5). Suppose 3*k - 6*k + 213 = 0. Suppose -4*a - 19 = -k. Calculate the greatest common divisor of q and a.
13
Let r be (-15)/10*72/(-3). Suppose 4*s - r = 2*s. What is the greatest common factor of s and 12?
6
Suppose 373 = 7*m - 1244. Suppose 0*q = -4*q - 3*i + 69, 5*q - i = 110. Calculate the highest common divisor of q and m.
21
Let o be 1/(-4) - 98/(-8). Let m = 21 - o. Calculate the highest common factor of 9 and m.
9
Suppose 2*p - 250 = -2*s - 0*p, p = 4. What is the greatest common divisor of s and 11?
11
Let o be (-10)/25 + 914/10. Suppose -l = -2*z + 57, -4*l + l - 144 = 3*z. Let j = l + o. What is the greatest common divisor of j and 16?
8
Let n be 10 - 3/((-3)/(-4)). Calculate the greatest common divisor of 48 and n.
6
Let b = -30 + 46. Calculate the greatest common divisor of b and 32.
16
Let v be (-1)/(1*1/(-3)). Let g = v - 37. Let s = g + 130. Calculate the highest common factor of s and 12.
12
Let a(h) = 10*h - 1. Suppose 0 = 2*d - 10 + 2. Let j be a(d). What is the highest common divisor of 13 and j?
13
Let v(z) = -z + 185. Let x be v(0). Suppose -6*y - 127 = -3*d - 11*y, 5*d - x = 5*y. What is the greatest common divisor of 26 and d?
13
Let q(m) = -m**2 + 6*m + 6. Let r = -15 - -21. Let g be q(r). Let x = 9 - 3. Calculate the greatest common divisor of g and x.
6
Let c = -165 + 280. Suppose 0 = 4*w - c - 285. Calculate the greatest common divisor of w and 20.
20
Let c = 468 - 307. What is the highest common divisor of c and 23?
23
Suppose -5*q + 2*q + 6 = 0. Let o be 1*(q + -3) + 16. What is the highest common divisor of 6 and o?
3
Suppose l = -q + 103, 2*q - 4*l + 2*l = 210. What is the greatest common factor of q and 13?
13
Let y(k) = 3*k - 28. Let w(q) = q - 9. Let r(i) = 8*w(i) - 3*y(i). Let p be r(8). Let z = 6 - 2. What is the greatest common divisor of p and z?
4
Suppose -2*u - 7 = -4*j - 1, 5*j = u + 9. Let h be 3 + (1 + j - 2). Let v = h + 6. Calculate the greatest common factor of v and 10.
10
Suppose 0 = -0*d + 3*d - 180. What is the greatest common divisor of d and 12?
12
Suppose 5*x + 6*z - 2*z - 113 = 0, 3*z - 90 = -4*x. What is the highest common factor of 6 and x?
3
Suppose 148*i - 740 = 144*i. What is the greatest common divisor of 74 and i?
37
Let j(g) = -1. Let u(s) = -31*s + 10. Let o(a) = -3*j(a) - u(a). Let y be o(5). Let v = y - 38. What is the highest common divisor of 11 and v?
11
Let d = 10 + 19. Calculate the highest common factor of 29 and d.
29
Suppose 2*m + 3*d = 60, 4*d = 3*d - 4. Suppose 2*f + m = 5*f. Calculate the highest common divisor of 4 and f.
4
Suppose -4 - 13 = -j. Suppose w - 340 = -4*w. Calculate the highest common divisor of w and j.
17
Let p = -72 + 100. Calculate the highest common divisor of p and 14.
14
Suppose 32*p + 275 = 37*p. What is the highest common factor of 5 and p?
5
Suppose -4*l + 324 + 121 = -5*d, -472 = -4*l - 4*d. Calculate the highest common divisor of 23 and l.
23
Suppose 2*l + 12 = 4*l. Suppose -2*q = -l*q + 252. Calculate the greatest common factor of 9 and q.
9
Suppose g - l + 0*l = 32, 5*l - 99 = -2*g. Suppose 0 = 2*r - 101 + g. What is the highest common divisor of 48 and r?
16
Let f(w) = w**2 - 2*w. Let g be (45/10)/((-2)/4). Let p be f(g). What is the greatest common factor of p and 9?
9
Let a = -95 - -194. What is the highest common divisor of 11 and a?
11
Suppose -4*a + 572 = -3*r, -366 = -3*a - r + 63. What is the highest common divisor of 13 and a?
13
Suppose 0 = 4*t + 4*p - 19 - 25, -5*p = -3*t + 65. What is the highest common factor of 120 and t?
15
Suppose -5*z = 4*l - 4*z - 35, 0 = 5*l - z - 37. Let w be -3 + (27 + 2 - 2). Calculate the highest common divisor of l and w.
8
Suppose -4*a + 19 + 249 = 0. Suppose -80 - a = -3*m. Calculate the greatest common factor of m and 7.
7
Suppose -w + 1 = -1. Let v be 3 + (-1 - w*-11). Let o be (v/(-2) + 1)*-1. Calculate the greatest common divisor of o and 22.
11
Suppose -224 = -5*a - 4*f, -a - 3*f + 37 = 1. What is the greatest common factor of 96 and a?
48
Suppose 0*m = -4*m + 16. Suppose 5*c = 54 - m. What is the highest common divisor of 80 and c?
10
Suppose h - 2*m = -4*h - 13, -5*h - 5*m = 20. Let p be (-10)/h*(2 - -7). Calculate the highest common divisor of 45 and p.
15
Suppose 8*r - 3*r - 50 = 0. Suppose -2*a + d + r = 0, 2*a - 3*a = -5*d - 5. Suppose 0 = -a*b - 5 + 85. What is the highest common divisor of b and 112?
16
Let b = 61 - 31. Suppose -4*c = -c - b. Calculate the highest common divisor of c and 110.
10
Suppose -p + 2*p + 13 = 4*g, 0 = 5*g - 5*p - 20. Calculate the greatest common factor of g and 1.
1
Suppose 102 = 5*f - 4*s + 31, -2*s + 14 = 2*f. Calculate the highest common factor of 99 and f.
11
Let q be (12/(-18))/((-1)/(-3)). Let a be ((-5)/q)/((-5)/(-10)). What is the greatest common factor of 45 and a?
5
Suppose -11 + 101 = 5*d. Calculate the highest common divisor of 144 and d.
18
Suppose -z = 4*z - 20. Let i = -2 + z. Suppose -7*p + 60 = -i*p. What is the greatest common factor of 6 and p?
6
Let s(w) = -w + 1. Let k be s(2). Let